te number?
False
Let z(x) = 3*x**2 - 22*x - 13. Let y(h) = h**2 - 11*h - 7. Let f(m) = -7*y(m) + 3*z(m). Suppose -3*k + 7 = -4*k. Is f(k) a composite number?
False
Suppose -3*m - 39 = -0*m. Is (-1 - -3)/1 - m a composite number?
True
Let y = -251 - -17. Let r = 563 + y. Is r prime?
False
Let a = 778 - 326. Suppose -x + 3*g + 113 = 0, -a = -5*x + x - g. Is x composite?
False
Let c(o) = o**2 + 10*o - 13. Let d be c(-11). Is (d + 1)/((-7)/1141) a prime number?
True
Suppose -4*a + 0*a + 1340 = 0. Is a a prime number?
False
Let m(a) = -a**2 - 2. Let j be m(6). Let b = 21 - j. Is b a prime number?
True
Let x = -16 - -22. Let h be (0 + 5)*x/6. Suppose 4*t + 5*m = 5*t - 267, 3*t + h*m - 881 = 0. Is t a prime number?
False
Let q(c) = -9*c**3 + 8*c**2 + 4. Let f(d) = d**3 - d**2. Let l(a) = -5*f(a) - q(a). Is l(3) a composite number?
True
Let n(c) = -129*c + 31. Is n(-14) a composite number?
True
Is 7*11 - (-6 - -4) prime?
True
Let c(l) = 5*l**2 + 1 + 0 + l**3 - 5 - 3*l. Let d be c(-4). Suppose 0 = -4*u - d + 84. Is u prime?
False
Suppose 61 = 5*x - 44. Suppose 0 = -6*g + 3*g + x. Let z(v) = 2*v**2 - 6*v - 9. Is z(g) a prime number?
True
Let j(x) = 3*x + 2. Let y be j(-4). Let d be (y/4)/(1/(-2)). Is (d/2)/(1/10) a prime number?
False
Let b = 3 - 0. Suppose -b*r + 5 = -1. Suppose 6*f - 76 = r*f. Is f a prime number?
True
Suppose -4*i - 26 - 2 = 0. Is (-6)/(-21) - 243/i prime?
False
Is (-398)/(-3)*45/30 composite?
False
Let n(i) = -i**2 + 58*i + 65. Is n(30) prime?
False
Let m be 2*(-1 - -332)*-1. Is (-6)/(-24) + m/(-8) composite?
False
Suppose 18 - 8 = 5*s. Suppose -4*m + 144 - 2 = s*w, 2*w - 154 = -m. Is w prime?
True
Let i(h) = h. Let w be i(-3). Let n(f) = 9*f**3 - 5*f**2 + 5*f - 8. Let x(j) = -5*j**3 + 3*j**2 - 3*j + 4. Let u(b) = -4*n(b) - 7*x(b). Is u(w) a prime number?
True
Suppose 2*l = -2*l + 4. Let u be (0/(2 - l))/2. Suppose -5*t = -5*c - u*t + 110, -4*c - 4*t = -96. Is c prime?
True
Suppose -4*d = 5*g - 20, -d + 5*d - g - 20 = 0. Suppose -5*m - 29 = 4*l - 194, -190 = -d*m + l. Is m composite?
False
Suppose -5 = -2*t + 17. Suppose -f = -t - 58. Is f a prime number?
False
Suppose 0 = -5*t - 12 - 18. Let f = t + 9. Suppose 0 = f*c + c - 52. Is c a prime number?
True
Let b(d) = 67*d + 22. Is b(7) composite?
False
Let w(r) = 293*r. Let g be w(1). Suppose -3*d + g = -16. Is d composite?
False
Suppose 0 = 4*u - 7*u + 87. Suppose 5*w + 9 = u. Suppose 0*r + 132 = w*r. Is r prime?
False
Let s = 13 - -206. Suppose 0 = 3*v + 30 - s. Suppose -v + 11 = -4*x. Is x composite?
False
Let y be -7 + (-2)/(-2 - 0). Is ((-2)/y)/(5/45) prime?
True
Is 6/(-30)*0 - -9865 prime?
False
Let g be 135/(-25) + (-4)/(-10). Let n(a) = 23*a**2 - 2*a - 20. Let y(s) = 8*s**2 - s - 7. Let k(z) = 3*n(z) - 8*y(z). Is k(g) a prime number?
False
Is 13*97 - (-4)/(-12)*6 prime?
True
Let f = -11 + 11. Suppose -188 = -2*j + 2*t - 16, f = 2*j + 5*t - 207. Is j prime?
False
Suppose 103 + 227 = u - 5*v, 0 = -2*u + 3*v + 667. Is u prime?
False
Let w(j) = -18*j - 11. Is w(-5) a prime number?
True
Let k(v) = 3*v**3 - v**2 - v + 1. Let s be k(1). Suppose 0 = -2*j - 2*h + 500, -3*j - s*h + 6*h = -771. Is j prime?
False
Let n(s) be the third derivative of 13*s**4/24 + s**3/6 - 3*s**2. Let l be n(8). Let t = l - -10. Is t a prime number?
False
Is (-4)/14 - (-418353)/91 a composite number?
False
Let z be (-1 + 2)/(8/32). Suppose z*f - 777 = f. Is f prime?
False
Suppose 2*m = -2*s + 6*m + 2938, -1434 = -s - 5*m. Is s composite?
False
Let x = 0 + 5. Suppose d + 124 = x*d. Is d a composite number?
False
Let v = -26 - -29. Suppose 0*p + 4*p = 12. Suppose -n - 71 = -p*q + 42, -3*q = -v*n - 117. Is q a composite number?
False
Let d(x) = 123*x + 2. Is d(3) composite?
True
Suppose -4*y + 78 = o, -o - 3*y + 5*y + 54 = 0. Is o a prime number?
False
Let z(i) = i**3 - 7*i**2 - i - 5. Let y be z(7). Is 3*(-2)/y*238 composite?
True
Suppose f = -f. Suppose f = 5*u - 276 - 194. Suppose -2*w + 0*w + u = 0. Is w a composite number?
False
Let v(y) = 33*y - 1. Let s be v(-2). Let u = s + 113. Is u a composite number?
True
Let r(n) = -6*n - 1. Let a be r(2). Let w = 1 + a. Let h = -5 - w. Is h a composite number?
False
Let a = -625 + 1044. Is a prime?
True
Suppose 2*o + 3*q - 8 = 0, 0 = -3*o - q - q + 22. Suppose 4*t - o = 3*t - y, -2*t + 17 = 5*y. Is t composite?
False
Suppose 6*z = 2*z + 1668. Is z composite?
True
Let x(j) = j - 6. Let s be x(5). Is 0/s + 522/6 prime?
False
Let h = 5318 + -2927. Is h a prime number?
False
Let d = 35 - -56. Is d a prime number?
False
Let l(y) = 7*y**2 - 8*y - 9. Let g be l(-6). Suppose q - g - 201 = 0. Let r = -347 + q. Is r a prime number?
False
Suppose 5*k = 11 + 39. Let p = k + -7. Suppose -p*g + 0*r - 2*r = -91, -2*r = 2. Is g a prime number?
True
Let r(m) = -m**2 - m + 25. Let q be r(0). Let g = 6 + q. Is g composite?
False
Suppose y = 4*v - 0*v - 488, 5*v + 5*y - 610 = 0. Is v a prime number?
False
Let t be 5 + 0*3/9. Suppose -h = -t*n - 17 - 33, 4*h = 2*n + 146. Is h composite?
True
Suppose 5*r = 5*f + 77 - 372, -3*f - 59 = r. Let v = 154 + -72. Let n = r + v. Is n a prime number?
True
Let d be (-2)/2 + 4/1. Let c(k) be the third derivative of 3*k**5/20 - 2*k**3/3 + 2*k**2. Is c(d) prime?
False
Let m = -3188 - -4627. Is m a composite number?
False
Suppose 2*y - y = 0. Suppose y = 5*s + 5*n - 255, -2*s - 5*n = -6*s + 240. Is s a prime number?
False
Let j(k) = 12*k**2 - 6*k + 1. Is j(-6) prime?
False
Is (-36)/84 + (-3520)/(-14) a prime number?
True
Let a(w) = -3*w**3 - 2*w**2 + 5*w + 3. Is a(-3) composite?
True
Let i be 81 + (0 - -1)*-1. Suppose -o - 4*b = -34, 2*b - i = -2*o - 2*o. Suppose -9 = -h - 0*h - 2*s, -3*h = -3*s - o. Is h prime?
True
Let x(f) = -3*f - 7. Let m be x(6). Let b = 188 + m. Is b a prime number?
True
Let h = -89 + 266. Is h a composite number?
True
Let m(g) = 5*g. Let u be m(1). Suppose 3*j - u*c = 252, -4*j + 3*c + 150 = -197. Is j prime?
True
Let o(u) be the second derivative of u**4/4 - u**3/6 + 3*u**2/2 + u. Is o(-5) a prime number?
True
Suppose -5*j - 556 + 107 = -l, 0 = -4*j - 8. Is l composite?
False
Let u = -246 + 366. Suppose -2*j - j = 2*g - 57, -3*j = 5*g - u. Is g a prime number?
False
Is 1/2*4*(-17816)/(-16) a prime number?
False
Suppose -6869 = -11*l + 9312. Is l a composite number?
False
Let t(k) = 15*k + 4. Let q(a) = 2*a**2 - 2*a - 7. Let u be q(3). Is t(u) a prime number?
True
Suppose 4*r - 5*r = -15. Suppose -3*i - r = 2*i. Is 3*1/(i/(-59)) a composite number?
False
Let o = 12 - 8. Let f(w) = 4*w + 1 - 2*w - o*w. Is f(-4) a prime number?
False
Is 8166/3*3/6 composite?
False
Let d(s) = 8*s**2 - 4 + 0*s - 2*s**3 + 2*s + 3*s + 3*s**3. Let y be (-2)/(-8) - (-25)/(-4). Is d(y) composite?
True
Let z be (-3)/2*(2 + -4). Suppose z = p - 7. Is p a composite number?
True
Let m(i) = -194*i + 3. Is m(-7) a prime number?
True
Suppose 5*t - b - 1313 = 0, -5*t - 3*b = 2*b - 1325. Is t a prime number?
True
Is ((2586 + 2)/(-2))/(-2) composite?
False
Let c = 4729 + -2963. Is c a prime number?
False
Let p = 418 + -291. Is p a composite number?
False
Let b(s) = -s**2 - s + 1. Let p(q) = -4*q**2 - 9*q + 10. Let o(l) = 3*b(l) - p(l). Let u be o(-6). Let t(f) = -f**3 - f**2 + f. Is t(u) composite?
True
Suppose -964 = -5*w - 2*m, 5*w - 555 - 427 = 4*m. Suppose -4*v + w = 2*a, v - 158 = -2*v + a. Is v prime?
False
Suppose 2*o = 3*o - 817. Is o composite?
True
Let m = 1 - -4. Suppose 0 = 15*n - 17*n + 58. Is (0 + m + 0)*n a composite number?
True
Suppose -11599 = -21*u + 14*u. Is u composite?
False
Let x(t) = 217*t**2 - t - 1. Suppose a = -0 + 1. Let d = a + -2. Is x(d) a composite number?
True
Suppose p - 813 = -2*p. Is p a composite number?
False
Let t(b) = b**3 + 4*b**2 + 3*b + 2. Is t(-2) a prime number?
False
Suppose -3*f + 23258 + 2065 = 0. Is f a prime number?
False
Is -1*(2 - -3) + 207 a composite number?
True
Let h = -390 - -697. Is h composite?
False
Let z = 13 + -7. Suppose -z*h - 4 = -2*h. Let a(o) = -149*o**3 - o**2 - 2*o - 1. Is a(h) composite?
False
Suppose 2*v - 3*p - 15 = -1, 4*p = -5*v + 35. Suppose v*z - 33 = 4*z. Is z prime?
True
Let i(c) = c + 1. Let f(b) = -29*b + 4. Let w(t) = f(t) - 5*i(t). Is w(-2) a composite number?
False
Let b = 103 - -192. Is b a composite number?
True
Let j(o) = -o**2 + 37*o - 49. Is j(19) a composite number?
Fal